{"id":57,"date":"2023-02-24T09:33:36","date_gmt":"2023-02-24T08:33:36","guid":{"rendered":"https:\/\/www.ok-sportpferde.de\/?page_id=57"},"modified":"2026-03-21T07:14:37","modified_gmt":"2026-03-21T06:14:37","slug":"startseite","status":"publish","type":"page","link":"https:\/\/www.ok-sportpferde.de\/","title":{"rendered":"Startseite"},"content":{"rendered":"\n<h2 class=\"wp-block-heading\">Herzlich Willkommen bei<\/h2>\n\n\n\n<figure class=\"wp-block-image size-large is-resized\"><img loading=\"lazy\" decoding=\"async\" width=\"1024\" height=\"667\" src=\"https:\/\/www.ok-sportpferde.de\/wp-content\/uploads\/2023\/02\/Logo-OK-Sportpferde_gross-1-1024x667.gif\" alt=\"\" class=\"wp-image-12\" style=\"width:442px;height:auto\" srcset=\"https:\/\/www.ok-sportpferde.de\/wp-content\/uploads\/2023\/02\/Logo-OK-Sportpferde_gross-1-1024x667.gif 1024w, https:\/\/www.ok-sportpferde.de\/wp-content\/uploads\/2023\/02\/Logo-OK-Sportpferde_gross-1-300x195.gif 300w, https:\/\/www.ok-sportpferde.de\/wp-content\/uploads\/2023\/02\/Logo-OK-Sportpferde_gross-1-768x500.gif 768w, https:\/\/www.ok-sportpferde.de\/wp-content\/uploads\/2023\/02\/Logo-OK-Sportpferde_gross-1-1536x1000.gif 1536w, https:\/\/www.ok-sportpferde.de\/wp-content\/uploads\/2023\/02\/Logo-OK-Sportpferde_gross-1-165x107.gif 165w\" sizes=\"auto, (max-width: 1024px) 100vw, 1024px\" \/><\/figure>\n\n\n\n<p><\/p>\n\n\n\n<p>Wir bieten Spring-, Dressur- sowie Freizeitreitern ein breitgef\u00e4chertes Angebot an Trainingsm\u00f6glichkeiten und Dienstleistungen. Fachm\u00e4nnischer Umgang, Top Service und eine ausgezeichnete Stallgemeinschaft bilden auf der von uns betriebenen Anlage die optimale Grundlage f\u00fcr Deine Freizeitgestaltung.<br>Spreche uns an &#8211; gerne nehmen wir uns Zeit f\u00fcr Dich um Dir unser Konzept vorzustellen. <\/p>\n\n\n\n<figure class=\"wp-block-embed is-type-wp-embed is-provider-einbettung wp-block-embed-einbettung\"><div class=\"wp-block-embed__wrapper\">\n<blockquote class=\"wp-embedded-content\" data-secret=\"XoapNr45Fs\"><a href=\"https:\/\/www.ok-sportpferde.de\/?page_id=180\">Aktuelles<\/a><\/blockquote><iframe loading=\"lazy\" class=\"wp-embedded-content\" sandbox=\"allow-scripts\" security=\"restricted\" style=\"position: absolute; visibility: hidden;\" title=\"&#8222;Aktuelles&#8220; &#8211; \" src=\"https:\/\/www.ok-sportpferde.de\/?page_id=180&#038;embed=true#?secret=DJtUGQuv3k#?secret=XoapNr45Fs\" data-secret=\"XoapNr45Fs\" width=\"500\" height=\"282\" frameborder=\"0\" marginwidth=\"0\" marginheight=\"0\" scrolling=\"no\"><\/iframe>\n<\/div><\/figure>\n\n\n\n<div class=\"inherit-container-width wp-block-group is-layout-constrained wp-block-group-is-layout-constrained\"><ul class=\"wp-block-latest-posts__list wp-block-latest-posts\"><\/ul><\/div>\n\n\n\n<p>\u200b<\/p>\n","protected":false},"excerpt":{"rendered":"<p>Herzlich Willkommen bei Wir bieten Spring-, Dressur- sowie Freizeitreitern ein breitgef\u00e4chertes Angebot an Trainingsm\u00f6glichkeiten und Dienstleistungen. Fachm\u00e4nnischer Umgang, Top Service und eine ausgezeichnete Stallgemeinschaft bilden auf der von uns betriebenen Anlage die optimale Grundlage f\u00fcr Deine Freizeitgestaltung.Spreche uns an &#8211; gerne nehmen wir uns Zeit f\u00fcr Dich um Dir unser Konzept vorzustellen. \u200b<\/p>\n","protected":false},"author":1,"featured_media":0,"parent":0,"menu_order":0,"comment_status":"closed","ping_status":"closed","template":"","meta":{"site-sidebar-layout":"default","site-content-layout":"default","ast-global-header-display":"","ast-main-header-display":"","ast-hfb-above-header-display":"","ast-hfb-below-header-display":"","ast-hfb-mobile-header-display":"","site-post-title":"disabled","ast-breadcrumbs-content":"","ast-featured-img":"","footer-sml-layout":"","theme-transparent-header-meta":"","adv-header-id-meta":"","stick-header-meta":"","header-above-stick-meta":"","header-main-stick-meta":"","header-below-stick-meta":"","footnotes":""},"class_list":["post-57","page","type-page","status-publish","hentry"],"_links":{"self":[{"href":"https:\/\/www.ok-sportpferde.de\/index.php?rest_route=\/wp\/v2\/pages\/57","targetHints":{"allow":["GET"]}}],"collection":[{"href":"https:\/\/www.ok-sportpferde.de\/index.php?rest_route=\/wp\/v2\/pages"}],"about":[{"href":"https:\/\/www.ok-sportpferde.de\/index.php?rest_route=\/wp\/v2\/types\/page"}],"author":[{"embeddable":true,"href":"https:\/\/www.ok-sportpferde.de\/index.php?rest_route=\/wp\/v2\/users\/1"}],"replies":[{"embeddable":true,"href":"https:\/\/www.ok-sportpferde.de\/index.php?rest_route=%2Fwp%2Fv2%2Fcomments&post=57"}],"version-history":[{"count":8,"href":"https:\/\/www.ok-sportpferde.de\/index.php?rest_route=\/wp\/v2\/pages\/57\/revisions"}],"predecessor-version":[{"id":238,"href":"https:\/\/www.ok-sportpferde.de\/index.php?rest_route=\/wp\/v2\/pages\/57\/revisions\/238"}],"wp:attachment":[{"href":"https:\/\/www.ok-sportpferde.de\/index.php?rest_route=%2Fwp%2Fv2%2Fmedia&parent=57"}],"curies":[{"name":"wp","href":"https:\/\/api.w.org\/{rel}","templated":true}]}}